 (-6 + 4)). Suppose -h - 7 + o = 0. Calculate the greatest common factor of h and r.
11
Suppose -1191*w + 1189*w = -12. What is the greatest common divisor of 12 and w?
6
Let f be 46438/63 - (-12)/(-108). What is the highest common factor of f and 11?
11
Let n(l) = -2*l + 13. Let f be n(0). Calculate the greatest common divisor of f and 169.
13
Suppose 10 = 28*l - 298. Calculate the highest common factor of 99 and l.
11
Let z(d) = -23*d - 7. Let x be z(-4). Suppose -7*a + x = -55. Calculate the highest common factor of 8 and a.
4
Suppose -2*f - 17 = r - 91, -4*f + 2*r + 164 = 0. Suppose 35*o + 132 = 40*o + 2*t, -5*o + 4*t = -126. Calculate the greatest common divisor of o and f.
13
Suppose -82 = 2*m - 5*c, -2*c - 2 = -10. Let o = -41 - -74. Let y = o + m. Calculate the highest common divisor of 6 and y.
2
Suppose -14*s = -15*s + 74. What is the greatest common factor of s and 2?
2
Let z = -22 + 26. Let b be 2/z*(44 - 0). Calculate the highest common factor of 2 and b.
2
Let x(m) = 67*m + 122. Let p be x(1). What is the highest common factor of p and 14?
7
Let i(h) = 3*h + 2. Let w be i(0). Suppose -j - 1 + 21 = w*v, 2 = j. Let o be (-1*9)/(2/(-22)). Calculate the highest common factor of v and o.
9
Let p = -1490 + 1515. What is the highest common divisor of 225 and p?
25
Let g = 119 + -42. Calculate the highest common divisor of 35 and g.
7
Suppose 18*g = -g + 228. Calculate the highest common divisor of 276 and g.
12
Suppose 7*x = -7*x + 1540. What is the highest common factor of x and 5?
5
Let l = -46 - -54. Suppose -l*g + 50 = -62. Let q = -166 + 264. Calculate the highest common factor of q and g.
14
Suppose 16*f - 33*f = -765. Let b be ((-8)/(-12))/(4/6). Let k be 10*(b - (-2)/(-4)). What is the highest common factor of f and k?
5
Suppose 3*z + 3*s - 3948 = 0, 79*z - 1340 = 78*z + 5*s. What is the greatest common divisor of z and 120?
120
Let k be (-6)/(7 + (-511)/70). Calculate the highest common factor of k and 28.
4
Let y be (-1)/((-111)/(-54) + -2). Let i = y + 15. Let w be 2*-130*i/12. What is the greatest common factor of 13 and w?
13
Suppose -6*b = -149 - 43. Calculate the highest common divisor of b and 4.
4
Suppose u + 2*d - 11 = 0, d + 3*d = 4*u + 4. Suppose -3*m - u*j = -312, 2*m - j - 106 = m. What is the greatest common factor of 15 and m?
15
Let t be (-1 + 5)*(-3)/(-4). Suppose -t*l = -l - 70. Suppose -j - 18 = -d, 7 = -3*d + 2*j + 57. Calculate the highest common divisor of d and l.
7
Let z be (-7 - -435)/(4/16). Calculate the greatest common factor of 107 and z.
107
Let q be -17 - -13 - 16/(-2). Suppose -q*o + 2*o + 3*i = -40, 0 = -2*i - 8. Let s = o + -6. Calculate the highest common factor of 8 and s.
8
Suppose -v + 3 = 3*n, 0 = 4*v - 4*n - 0*n - 92. Let w be 2/2 - (-2068)/(-11). Let q = w + 277. What is the greatest common divisor of v and q?
18
Let v be 3 + 1/((-132)/(-64) - 2). What is the highest common divisor of 76 and v?
19
Suppose -5026*d = -5013*d - 468. Let r be (-2)/8 - (-98)/8. What is the highest common factor of d and r?
12
Let f = -554 + 578. Calculate the highest common factor of 208 and f.
8
Suppose -15 - 161 = -11*k. Calculate the highest common divisor of k and 1.
1
Let x = -1 + 28. Let h = -21 + x. Calculate the highest common divisor of h and 60.
6
Let o(j) = 2*j**3 + 3*j**2 - 2*j - 1. Let c be o(2). What is the greatest common factor of 69 and c?
23
Suppose -51*l + 3524 = -10501. What is the greatest common divisor of l and 110?
55
Let u(h) = h**3 - 3*h**2 - 8. Let p be u(5). Calculate the highest common factor of 2478 and p.
42
Suppose -3*m = 3*p - 492, 0 = -4*p + 4*m + 109 + 531. Let k be ((-4)/6)/((-9)/p). Suppose -k - 30 = -3*g. What is the highest common factor of 98 and g?
14
Let x = 268 + -241. What is the highest common factor of x and 9?
9
Let w be (16/20)/((6/155)/6). Let o = -64 + w. What is the greatest common divisor of 480 and o?
60
Let j be 6/((-12)/(-10)) + 2 + -5. Let t(y) = 2*y**2 + y - 4. Let m be t(j). Calculate the greatest common divisor of m and 6.
6
Suppose -6*n + 540 = -744. Let v = -151 + n. Calculate the greatest common factor of v and 21.
21
Suppose 4*u = 2 - 6. Let m(x) = 69*x**2 + x + 2. Let v be m(u). Calculate the greatest common divisor of 10 and v.
10
Suppose y + 8 = 2*s + 2, 4*s - 24 = -4*y. Suppose y = 2*r - r. Suppose r = -w + 12. Calculate the highest common divisor of 40 and w.
10
Let p = 704 + -680. What is the highest common factor of 36 and p?
12
Let l be (-20)/(-150) + (-43)/(-15). Suppose -l*m = 2*a - 7, -3*a + 2*m = -4 - 13. Let r be (-5)/a - -21 - 4. Calculate the highest common divisor of r and 16.
16
Let u(h) be the third derivative of -h**5/60 + 23*h**4/24 - 9*h**3/2 - 36*h**2. Let g be u(11). What is the highest common factor of g and 42?
21
Let d(s) = 2*s**2 + 3*s + 3. Let k be -3*(22/(-6) + 3). Suppose 5*h - 4*h + k = 0. Let c be d(h). What is the greatest common factor of c and 2?
1
Let b(a) = 15*a - 2. Let l be b(2). Calculate the greatest common factor of 518 and l.
14
Let l(z) = -z**2 - 9*z. Let i = -25 + 21. Let w be l(i). Suppose -3*u - w = -5*u. What is the greatest common divisor of u and 30?
10
Suppose 3*z = 7*z - 264. Let o be ((-136)/85)/((-2)/5). Suppose 5*w = -c + o + 9, 5*c - 173 = 2*w. What is the highest common divisor of c and z?
33
Suppose 49 - 17 = 8*v. Let k = 3 - 2. Calculate the highest common factor of v and k.
1
Suppose 0 = 15*u - 13*u - 4. Let s = 43 - 35. What is the greatest common divisor of s and u?
2
Suppose 6*t + 67 = 139. Calculate the highest common divisor of t and 204.
12
Suppose -11 = -2*k + 103. What is the highest common factor of 399 and k?
57
Let c = -43 + 71. Suppose -2164 - 664 = -101*x. Calculate the highest common factor of x and c.
28
Let t be 3*1274/(-63)*(-6)/1. Suppose 0 = -14*y - 112 + t. What is the highest common factor of y and 4?
2
Let n(c) = c**3 - 28*c**2 + 55*c - 35. Let g be n(26). Suppose 0 = -x + 2*u + g, -2*x - 5*u + 55 = -67. Calculate the greatest common factor of 3 and x.
3
Let g be 42/4 - 11/22. Suppose 380 - 110 = 18*l. Calculate the highest common divisor of l and g.
5
Suppose 137 = 4*d + 53. Let g = -29 + d. Let a be 0 + 48*g/(-6). What is the greatest common divisor of a and 16?
16
Let m = 40 + -22. Let v = -153 - -198. Calculate the highest common divisor of m and v.
9
Suppose 41*d = 34*d + 98. Suppose 12 = 2*n + 4*t, -4*n + 0*n + 4*t = 0. Calculate the highest common factor of n and d.
2
Let r be 3 + (4 - (4 - -1)). Suppose 3*x - r*x + 56 = 5*t, 2*t - 27 = 5*x. Calculate the greatest common factor of 55 and t.
11
Suppose -3*x + 200 = -5*m, 0*x = 4*x - m - 295. Let i(z) = 5*z**2 - 30*z + 15. Let v be i(6). What is the greatest common divisor of v and x?
15
Let c(o) = -2*o**2 - 33*o + 38. Let n be c(-17). Let h = -4 - -7. Suppose -2*u + 47 = 5*w, -h*w - 23 = -4*u + 58. What is the highest common divisor of n and u?
21
Suppose -868 = -285*w + 271*w. What is the greatest common divisor of 14 and w?
2
Let t be 136/((-18 - -6) + 14). Let z = 6 - -11. Calculate the greatest common divisor of t and z.
17
Let o = -36 + 67. Suppose -2*c + 4*z = -26, -5*c + z + o = -c. Suppose 0 = -2*r - h + 3*h, 0 = -3*r - 4*h + c. What is the greatest common factor of 11 and r?
1
Suppose -968 = -13*s + 5*s. What is the highest common divisor of s and 33?
11
Suppose -24 = z - 4*k - 8, 0 = 5*z - 5*k + 125. Let c = z - -39. Suppose 11294 + 7318 = -24*j + 212*j. What is the greatest common factor of c and j?
11
Suppose -4*t = -f - 507 - 390, -4*t - 3*f = -909. Let n be 2/(-5*(-6)/t). Let z = n - 3. What is the greatest common factor of z and 48?
12
Let n(c) = -2*c**3 + 10*c**2 - 8*c - 8. Let y be n(3). Let b(v) = -v**3 - 11*v**2 - 12*v. Let m be b(-10). What is the highest common divisor of m and y?
4
Let i be 15 - (9 + -3) - -41. What is the greatest common divisor of 1350 and i?
50
Let l(j) = 6*j - 97. Let a be l(16). Let i = 23 + a. Calculate the highest common factor of 88 and i.
22
Suppose -13*x - 17 = -355. What is the greatest common divisor of x and 39?
13
Suppose 0 = -2*m + 1 + 5. Let z(o) = 6*o - 42. Let u be z(8). Calculate the greatest common factor of m and u.
3
Let n = 0 + 2. Suppose 0 = -n*f - 2, 0*x = -5*x - 3*f + 452. Suppose -5*g = 2*i + 2*i - 62, 0 = 2*g - 4. Calculate the highest comm